he remainder when 362850 is divided by 965?
10
Calculate the remainder when 191593 is divided by 22.
17
What is the remainder when 1254 is divided by 42?
36
Calculate the remainder when 1597924 is divided by 62.
60
Calculate the remainder when 145635 is divided by 36407.
7
What is the remainder when 34195 is divided by 108?
67
Calculate the remainder when 692384 is divided by 93.
92
Calculate the remainder when 24813 is divided by 282.
279
Calculate the remainder when 33909 is divided by 155.
119
Calculate the remainder when 56773 is divided by 47.
44
What is the remainder when 3154 is divided by 34?
26
Calculate the remainder when 16803 is divided by 6.
3
Calculate the remainder when 147488 is divided by 1475.
1463
Calculate the remainder when 2420 is divided by 602.
12
What is the remainder when 1332 is divided by 267?
264
Calculate the remainder when 1878 is divided by 46.
38
What is the remainder when 288 is divided by 179?
109
Calculate the remainder when 12594 is divided by 6295.
4
What is the remainder when 45444 is divided by 26?
22
What is the remainder when 19732 is divided by 9843?
46
What is the remainder when 231063 is divided by 115506?
51
What is the remainder when 15756 is divided by 165?
81
What is the remainder when 2545 is divided by 173?
123
What is the remainder when 5177 is divided by 126?
11
Calculate the remainder when 726430 is divided by 82.
74
Calculate the remainder when 2621 is divided by 61.
59
Calculate the remainder when 2571555 is divided by 517.
514
What is the remainder when 4866775 is divided by 207?
205
Calculate the remainder when 7894 is divided by 2625.
19
What is the remainder when 112986 is divided by 250?
236
What is the remainder when 615354 is divided by 107?
104
What is the remainder when 1187 is divided by 411?
365
What is the remainder when 13016 is divided by 6494?
28
Calculate the remainder when 19725 is divided by 48.
45
Calculate the remainder when 22038 is divided by 174.
114
What is the remainder when 14056 is divided by 15?
1
What is the remainder when 913 is divided by 214?
57
What is the remainder when 192122 is divided by 452?
22
What is the remainder when 13253 is divided by 33?
20
What is the remainder when 7319706 is divided by 365?
361
What is the remainder when 91183 is divided by 651?
43
Calculate the remainder when 5587 is divided by 323.
96
What is the remainder when 2405 is divided by 35?
25
What is the remainder when 1991 is divided by 64?
7
Calculate the remainder when 1467362 is divided by 43.
30
What is the remainder when 5202 is divided by 734?
64
What is the remainder when 14593 is divided by 2323?
655
What is the remainder when 8866 is divided by 403?
0
What is the remainder when 250 is divided by 35?
5
Calculate the remainder when 7581 is divided by 138.
129
What is the remainder when 13797 is divided by 6649?
499
What is the remainder when 25322 is divided by 1582?
10
What is the remainder when 126262 is divided by 31?
30
Calculate the remainder when 75074 is divided by 55.
54
What is the remainder when 15883 is divided by 37?
10
Calculate the remainder when 14331 is divided by 340.
51
What is the remainder when 921551 is divided by 6?
5
What is the remainder when 1360 is divided by 493?
374
What is the remainder when 7396 is divided by 922?
20
What is the remainder when 179105 is divided by 246?
17
What is the remainder when 18700 is divided by 3737?
15
What is the remainder when 59211 is divided by 2574?
9
Calculate the remainder when 2300 is divided by 517.
232
What is the remainder when 151940 is divided by 6906?
8
What is the remainder when 12542 is divided by 246?
242
Calculate the remainder when 48907 is divided by 1578.
1567
What is the remainder when 466768 is divided by 8?
0
Calculate the remainder when 150667 is divided by 130.
127
Calculate the remainder when 13670 is divided by 3386.
126
What is the remainder when 524584 is divided by 417?
415
Calculate the remainder when 419 is divided by 18.
5
What is the remainder when 606194 is divided by 155?
144
Calculate the remainder when 111427 is divided by 5.
2
Calculate the remainder when 346079 is divided by 40.
39
What is the remainder when 8929 is divided by 2067?
661
What is the remainder when 593 is divided by 287?
19
What is the remainder when 2420 is divided by 1163?
94
Calculate the remainder when 852858 is divided by 43.
39
What is the remainder when 73004 is divided by 108?
104
Calculate the remainder when 11440 is divided by 108.
100
What is the remainder when 74965 is divided by 14991?
10
Calculate the remainder when 11344 is divided by 105.
4
What is the remainder when 362648 is divided by 362638?
10
What is the remainder when 3948 is divided by 1018?
894
Calculate the remainder when 8389 is divided by 548.
169
Calculate the remainder when 178884 is divided by 63.
27
What is the remainder when 64596 is divided by 2392?
12
What is the remainder when 9143 is divided by 254?
253
What is the remainder when 123564 is divided by 61781?
2
What is the remainder when 2173 is divided by 542?
5
What is the remainder when 3732 is divided by 178?
172
What is the remainder when 10314 is divided by 67?
63
What is the remainder when 2886 is divided by 411?
9
Calculate the remainder when 58706 is divided by 9.
8
Calculate the remainder when 24523 is divided by 56.
51
What is the remainder when 820 is divided by 12?
4
Calculate the remainder when 29483 is divided by 9824.
11
What is the remainder when 702 is divided by 104?
78
Calculate the remainder when 532574 is divided by 3804.
14
What is the remainder when 912 is divided by 5?
2
What is the remainder when 51615 is divided by 32?
31
Calculate the remainder when 136077 is divided by 7.
4
Calculate the remainder when 3198 is divided by 159.
18
Calculate the remainder when 175233 is divided by 128.
1
What is the remainder when 248572 is divided by 71?
1
Calculate the remainder when 1393920 is divided by 232319.
6
What is the remainder when 1209328 is divided by 6?
4
What is the remainder when 49851 is divided by 63?
18
What is the remainder when 257433 is divided by 1800?
33
What is the remainder when 229972 is divided by 23?
18
What is the remainder when 224245 is divided by 24?
13
What is the remainder when 1304 is divided by 139?
53
What is the remainder when 1248 is divided by 258?
216
Calculate the remainder when 112824 is divided by 16.
8
Calculate the remainder when 441564 is divided by 903.
900
Calculate the remainder when 10596 is divided by 242.
190
What is the remainder when 982 is divided by 288?
118
What is the remainder when 2069 is divided by 287?
60
Calculate the remainder when 10193 is divided by 618.
305
Calculate the remainder when 16082 is divided by 86.
0
What is the remainder when 281754 is divided by 93913?
15
What is the remainder when 33726 is divided by 747?
111
Calculate the remainder when 15180 is divided by 217.
207
Calculate the remainder when 3583 is divided by 1110.
253
Calculate the remainder when 16773 is divided by 2795.
3
What is the remainder when 985723 is divided by 5?
3
What is the remainder when 7498 is divided by 995?
533
Calculate the remainder when 168688 is divided by 1383.
1345
Calculate the remainder when 9986 is divided by 1662.
14
Calculate the remainder when 1197 is divided by 24.
21
Calculate the remainder when 26455 is divided by 8737.
244
What is the remainder when 10086 is divided by 2416?
422
What is the remainder when 43298 is divided by 76?
54
What is the remainder when 91960 is divided by 7661?
28
Calculate the remainder when 188 is divided by 8.
4
Calculate the remainder when 58883 is divided by 14.
13
What is the remainder when 3089396 is divided by 1626?
1622
Calculate the remainder when 20341 is divided by 10147.
47
Calculate the remainder when 2728 is divided by 658.
96
Calculate the remainder when 41263 is divided by 737.
728
Calculate the remainder when 656082 is divided by 124.
122
What is the remainder when 3523 is divided by 1724?
75
What is the remainder when 76004 is divided by 15?
14
What is the remainder when 22508 is divided by 40?
28
What is the remainder when 592 is divided by 195?
7
Calculate the remainder when 738 is divided by 95.
73
Calculate the remainder when 182160 is divided by 